
Is 7 a factor of 7486871?
True
Is 5560320 a multiple of 8?
True
Does 231 divide 206976?
True
Does 493 divide 80359?
True
Is 10 a factor of 779160?
True
Is 722 a factor of 3558602?
False
Is 165380 a multiple of 7?
False
Does 15 divide 63840?
True
Does 302 divide 13599060?
True
Is 2628725 a multiple of 66?
False
Is 633435 a multiple of 10?
False
Is 265 a factor of 58903?
False
Is 367 a factor of 23791142?
True
Is 116 a factor of 684506?
False
Does 154 divide 21629762?
True
Does 3 divide 24312?
True
Is 245724 a multiple of 403?
False
Does 107 divide 122194?
True
Is 107692 a multiple of 38?
True
Is 189544 a multiple of 38?
True
Is 62 a factor of 143383?
False
Is 504868 a multiple of 19?
True
Is 5324730 a multiple of 46?
True
Is 2810598 a multiple of 1115?
False
Is 1597237 a multiple of 163?
True
Is 421111 a multiple of 163?
False
Does 38 divide 42263?
False
Does 8 divide 1915840?
True
Does 74 divide 12308494?
True
Does 4 divide 153599?
False
Is 1833516 a multiple of 9?
True
Is 43 a factor of 1940580?
False
Is 10123 a multiple of 39?
False
Is 112240 a multiple of 122?
True
Is 26589 a multiple of 87?
False
Is 28 a factor of 1816560?
False
Does 109 divide 225848?
True
Is 2970850 a multiple of 10?
True
Is 60 a factor of 1258380?
True
Does 1215 divide 3547800?
True
Does 703 divide 15596758?
True
Is 199913 a multiple of 59?
False
Does 56 divide 17576047?
False
Does 205 divide 396231?
False
Does 155 divide 82494?
False
Does 75 divide 107678?
False
Is 353754 a multiple of 5?
False
Is 539 a factor of 998228?
True
Does 96 divide 1656864?
True
Is 375 a factor of 616875?
True
Is 4016 a multiple of 8?
True
Does 13 divide 2661464?
True
Does 22 divide 1352978?
True
Is 110 a factor of 1153350?
True
Does 70 divide 5686170?
True
Is 9 a factor of 3649554?
True
Is 276 a factor of 3623052?
True
Does 144 divide 726002?
False
Is 194 a factor of 156364?
True
Is 44 a factor of 38545?
False
Does 5 divide 342905?
True
Does 115 divide 269755?
False
Is 217743 a multiple of 227?
False
Is 254694 a multiple of 22?
True
Does 183 divide 963960?
False
Is 508 a factor of 35560?
True
Is 1712304 a multiple of 92?
True
Does 38 divide 418418?
True
Is 1407240 a multiple of 60?
True
Is 63 a factor of 56168?
False
Is 37 a factor of 581387?
False
Is 6359958 a multiple of 198?
True
Is 159 a factor of 891552?
False
Is 8 a factor of 804855?
False
Does 658 divide 379642?
False
Is 275 a factor of 7874795?
False
Is 412010 even?
True
Is 2392132 a multiple of 284?
True
Is 9 a factor of 15390117?
True
Is 436914 a multiple of 541?
False
Does 8 divide 492613?
False
Does 21 divide 245217?
True
Does 723 divide 2598462?
True
Is 1247819 a multiple of 353?
False
Is 76386 a multiple of 174?
True
Does 74 divide 123837?
False
Is 18 a factor of 174564?
True
Is 10807017 a multiple of 104?
False
Does 55 divide 468?
False
Does 44 divide 120912?
True
Is 4 a factor of 355067?
False
Is 116208 a multiple of 24?
True
Is 34691130 a multiple of 10?
True
Does 29 divide 3971927?
True
Is 3823177 a multiple of 30?
False
Is 1545 a factor of 663354?
False
Is 181324 a multiple of 4?
True
Is 11 a factor of 2329877?
True
Is 465 a factor of 7995210?
True
Is 46616 a multiple of 6?
False
Is 1834911 a multiple of 203?
False
Is 25 a factor of 656950?
True
Is 10792526 a multiple of 36?
False
Is 7 a factor of 4016733?
True
Is 57341 a multiple of 73?
False
Is 3405170 a multiple of 430?
True
Does 4 divide 10911?
False
Is 22 a factor of 203038?
True
Does 24 divide 1078681?
False
Is 251652 even?
True
Is 746442 a multiple of 46?
True
Is 41 a factor of 24391?
False
Is 8412495 a multiple of 21?
True
Is 21 a factor of 81291?
True
Is 53 a factor of 269611?
True
Does 18 divide 542262?
False
Is 300958 a multiple of 7?
True
Is 1773929 a multiple of 98?
False
Is 73104 a multiple of 48?
True
Is 1228858 a multiple of 53?
True
Is 270112 a multiple of 23?
True
Is 266 a factor of 4942280?
True
Is 42 a factor of 2412882?
False
Is 217 a factor of 1609045?
False
Is 48 a factor of 1350273?
False
Is 146 a factor of 51637?
False
Is 22 a factor of 1032922?
True
Is 46 a factor of 309133?
False
Is 46662 a multiple of 33?
True
Does 198 divide 227004?
False
Is 888128 a multiple of 30?
False
Does 229 divide 250434?
False
Does 37 divide 9762627?
False
Is 1128120 a multiple of 408?
True
Is 27866259 a multiple of 28?
False
Does 75 divide 9121125?
True
Does 17 divide 25726?
False
Is 15 a factor of 6521001?
False
Is 4 a factor of 7676?
True
Is 2696863 a multiple of 779?
False
Is 45 a factor of 70650?
True
Does 316 divide 112180?
True
Is 214813 a multiple of 257?
False
Is 343 a factor of 5506367?
False
Does 10 divide 200761?
False
Does 6 divide 239568?
True
Does 67 divide 1875129?
True
Does 14 divide 13258868?
True
Is 17 a factor of 9330688?
True
Does 16 divide 710192?
True
Does 120 divide 573268?
False
Is 123136 a multiple of 8?
True
Does 76 divide 4323871?
False
Does 45 divide 6724?
False
Is 191755 a multiple of 193?
False
Is 200960 a multiple of 16?
True
Is 2 a factor of 191857?
False
Does 36 divide 19961?
False
Is 799884 a multiple of 38?
False
Is 1803088 a multiple of 28?
True
Is 19 a factor of 254308?
False
Is 337232 a multiple of 56?
True
Is 118960 a multiple of 16?
True
Is 511632 a multiple of 19?
True
Is 886300 a multiple of 1042?
False
Does 311 divide 154567?
True
Does 862 divide 4409992?
True
Does 605 divide 2187604?
False
Does 181 divide 416385?
False
Is 1543146 a multiple of 402?
False
Is 195244 a multiple of 178?
False
Is 263976 a multiple of 24?
True
Does 274 divide 20724728?
False
Is 20 a factor of 264362?
False
Is 87 a factor of 735150?
True
Does 69 divide 34845?
True
Is 706140 a multiple of 3?
True
Is 207 a factor of 1565127?
True
Is 93 a factor of 175956?
True
Is 38 a factor of 3206345?
False
Is 55290 a multiple of 10?
True
Does 46 divide 2678901?
False
Does 15 divide 3077229?
False
Does 190 divide 261440?
True
Is 8 a factor of 928071?
False
Does 442 divide 20178002?
False
Is 2 a factor of 21151?
False
Is 59015 a multiple of 227?
False
Is 57200 a multiple of 275?
True
Is 380314 a multiple of 649?
True
Does 49 divide 2314858?
True
Is 257 a factor of 232151?
False
Is 645482 a multiple of 1798?
True
Is 19884215 a multiple of 13?
True
Is 948972 a multiple of 93?
True
Is 302 a factor of 13848191?
False
Is 616837 a multiple of 299?
True
Does 40 divide 12192240?
True
Does 68 divide 4964?
True
Is 36 a factor of 78644?
False
Is 31900 a multiple of 44?
True
Is 72 a factor of 139729?
False
Is 240 a factor of 89915?
False
Is 7 a factor of 7421882?
False
Does 28 divide 1047289?
False
Is 117432 a multiple of 18?
True
Is 4944536 a multiple of 38?
False
Is 37307 a multiple of 29?
False
Is 2 a factor of 18437?
False
Does 24 divide 5671571?
False
Is 148 a factor of 736951?
False
Is 6 a factor of 70878?
True
Is 2427570 a multiple of 37?
True
Does 5 divide 3713099?
False
Does 11 divide 284955?
True
Does 79 divide 535304?
True
Is 437712 a multiple of 24?
True
Is 204680 a multiple of 7?
True
Is 4266394 a multiple of 78?
False
Is 183 a factor of 721653?
False
Is 2064055 a multiple of 76?
False
Is 135520 a multiple of 560?
True
Does 4 divide 116276?
True
Is 59 a factor of 35497?
False
Does 93 divide 254820?
True
Is 2362809 a multiple of 213?
True
Does 472 divide 1740330?
False
Does 158 divide 33076?
False
Does 16 divide 174912?
True
Is 34 a factor of 1076610?
True
Does 57 divide 208348?
False
Is 109 a factor of 257894?
True
Does 159 divide 163293?
True
Does 29 divide 70296?
True
Is 15 a factor of 9920812?
False
Is 17 a factor of 2121773?
False
Does 300 divide 3847200?
True
Is 526 a factor of 1892548?
True
Is 105 a factor of 1426968?
False
Is 3 a factor of 195371?
False
Does 669 divide 1579604?
False
Does 153 divide 61047?
True
Is 282897 a multiple of 153?
True
Does 4 divide 18362?
False
Is 14011143 a multiple of 63?
False
Is 3829770 a multiple of 126?
True
Is 42160 a multiple of 248?
True
Is 178 a factor of 27050087?
False
Is 266 a factor of 7289198?
True
Is 61992 a multiple of 42?
True
Does 142 divide 1052930?
True
Is 8504990 a multiple of 10?
True
Does 227 divide 1104809?
True
Is 13 a factor of 49547?
False
Is 266 a factor of 3710920?
False
Is 736344 a multiple of 756?
True
Is 19 a factor of 301536?
False
Is 12562036 a multiple of 114?
False
Is 811 a factor of 1465477